) in base 14?
-18c75
365206 (base 14) to base 4
13011220212
-113020315 (base 6) to base 15
-2b7d3b
What is -55d74 (base 14) in base 6?
-4245014
What is 133412432 (base 5) in base 7?
5553104
What is c387 (base 13) in base 2?
110100101100110
What is -c9c78 (base 15) in base 16?
-9c6b0
What is 6771812 (base 9) in base 4?
31322330120
Convert -1432971 (base 13) to base 15.
-8675b6
Convert 2812355 (base 10) to base 5.
1204443410
Convert 233033 (base 9) to base 14.
3903c
-1668ab7 (base 14) to base 15
-e777ee
What is 10516664 (base 10) in base 9?
21708132
What is 4140cb (base 14) in base 3?
11010211000121
What is -154164633 (base 7) in base 3?
-201112122221020
Convert 1120020001020 (base 3) to base 7.
10031004
-2215422 (base 6) to base 10
-111398
What is c8103 (base 14) in base 7?
4051403
What is -2011012020100 (base 3) in base 9?
-2135210
What is -24223131 (base 5) in base 10?
-226666
What is 1000110010101100110010001 (base 2) in base 15?
1943415
Convert 2212321202 (base 4) to base 5.
133333433
What is 30202 (base 9) in base 14?
7339
What is -23022223 (base 4) in base 9?
-68661
eab0 (base 15) to base 9
75113
ecac08 (base 16) to base 3
1002012000110022
-121212544 (base 6) to base 8
-10623220
What is 131102100302 (base 4) in base 10?
7676978
What is 111220431 (base 5) in base 15?
9ab96
Convert 417820 (base 11) to base 6.
22201532
2131503 (base 9) to base 4
10112333133
Convert -11837302 (base 9) to base 7.
-100254056
What is -101000100000111111 (base 2) in base 15?
-34286
Convert -7958b6 (base 12) to base 16.
-1d93ca
1010001100101010101101 (base 2) to base 3
12000211010001
Convert -187826 (base 13) to base 3.
-1011022201222
Convert -16647352 (base 8) to base 10.
-3886826
Convert 1a0625a (base 14) to base 3.
220022122101001
Convert 1245007 (base 9) to base 11.
424519
What is 26ce1 (base 15) in base 12?
5bbb7
-11012202212000 (base 3) to base 11
-129a530
Convert 9b8352 (base 13) to base 15.
4c88a8
-222013011110 (base 4) to base 9
-22684662
Convert 1cb97 (base 15) to base 11.
64480
-25b67 (base 14) to base 12
-45853
Convert -3675312 (base 10) to base 4.
-32001102300
Convert -10100101020 (base 3) to base 7.
-363042
What is e2ec (base 15) in base 11?
33006
134150050 (base 6) to base 14
50b538
What is b0946c (base 14) in base 10?
5941640
25b875 (base 12) to base 10
621593
Convert 14abbb7 (base 12) to base 15.
58236d
Convert 2876c (base 14) to base 2.
11000011110011100
Convert -2a7528 (base 13) to base 6.
-34215234
Convert -22001311 (base 4) to base 9.
-62311
What is 70313277 (base 8) in base 6?
1244513155
What is 11032122321 (base 4) in base 13?
38c631
Convert -14b7687 (base 13) to base 9.
-13444008
Convert 2c5d1 (base 14) to base 16.
1b14b
Convert -1113236 (base 8) to base 9.
-507433
Convert -215175 (base 14) to base 4.
-10103122103
What is 85962 (base 10) in base 15?
1a70c
Convert -1112112110 (base 3) to base 2.
-111011001000111
Convert 3243613 (base 8) to base 4.
3110132023
203445 (base 11) to base 16
4fbe4
133232212 (base 4) to base 2
11111101110100110
d655 (base 14) to base 10
36923
Convert 4a986 (base 13) to base 7.
1112611
Convert 50043412 (base 6) to base 14.
2883a8
Convert -111110010001001100 (base 2) to base 10.
-255052
What is -340222332 (base 5) in base 10?
-1492217
-10100101001101111101001 (base 2) to base 10
-5413865
What is 331c7 (base 13) in base 11?
63638
589425 (base 12) to base 14
291a7b
What is -585830 (base 9) in base 13?
-c4320
What is 33123301 (base 4) in base 12?
30701
What is -3965a (base 13) in base 12?
-517a9
What is -1001000011001111000 (base 2) in base 11?
-1928a8
Convert -1ee659 (base 16) to base 7.
-23132635
-1049578 (base 11) to base 10
-1842794
What is -100210210011 (base 3) in base 10?
-193027
-1030020333 (base 5) to base 7
-24414316
350302 (base 9) to base 2
110011010100010101
Convert -1258063 (base 9) to base 2.
-10101000000001101001
What is 1964c (base 13) in base 3?
2111210002
Convert -26889 (base 13) to base 4.
-101201121
What is 5410252 (base 6) in base 5?
32001114
12003134323 (base 5) to base 9
27737224
What is -2615507 (base 9) in base 11?
-8957a5
What is 4401130 (base 5) in base 16?
1259d
35725554 (base 8) to base 12
27626b8
Convert 79256a3 (base 11) to base 10.
13887162
411211133 (base 5) to base 14
314229
Convert -21111200122 (base 3) to base 10.
-147761
Convert 1e98e6 (base 15) to base 10.
1500516
Convert -3cc0 (base 15) to base 4.
-3023031
Convert 4b11b (base 13) to base 16.
21d6c
What is -2002201012122 (base 3) in base 15?
-170b1b
Convert c9cb11 (base 13) to base 4.
102011123002
Convert 12334452 (base 6) to base 8.
1420140
What is 31031401 (base 5) in base 11?
162453
What is -9406 (base 12) in base 14?
-5c46
What is 2461264 (base 7) in base 13?
b162b
6271426 (base 8) to base 9
3121780
-103548 (base 12) to base 3
-110221111202
Convert -1778a4 (base 14) to base 7.
-10014664
Convert 23a384 (base 12) to base 11.
365028
-3400c2 (base 13) to base 4
-10223313321
What is -5230722 (base 8) in base 4?
-11103013102
Convert -4365240 (base 7) to base 11.
-337722
112113551 (base 6) to base 7
23350660
What is -65d795 (base 14) in base 2?
-1101001011110011000111
456934 (base 13) to base 3
10002110101121
Convert -4241626 (base 7) to base 2.
-1111101100110100111
Convert 4df51 (base 16) to base 6.
10502145
-10211110000110 (base 3) to base 8
-7610615
What is -510612 (base 7) in base 5?
-10233424
1062334 (base 8) to base 16
464dc
Convert 10110000110101011 (base 2) to base 11.
62029
What is 21962 (base 16) in base 13?
4a804
-1383482 (base 10) to base 11
-865481
What is 273b9 (base 14) in base 15?
1da2b
-143432232 (base 5) to base 10
-764692
What is -133221420 (base 5) in base 12?
-289362
What is -29a49 (base 13) in base 15?
-18481
What is 515169 (base 10) in base 15?
a2999
Convert 1656aa (base 11) to base 16.
3e98e
-31402010 (base 5) to base 3
-111100102200
3304100 (base 6) to base 15
339b6
-2955416 (base 13) to base 5
-11331242430
What is 157643 (base 13) in base 2?
10000001100001110010
12100020210212 (base 3) to base 15
3b142b
What is -13121212 (base 7) in base 10?
-1198549
What is 330312 (base 8) in base 15?
22c64
-1300222 (base 4) to base 16
-1c2a
23221044 (base 5) to base 3
101201010110
What is -31ac01 (base 14) in base 12?
-691241
What is 1e5a90 (base 16) in base 5?
1002124024
What is -2d159 (base 14) in base 5?
-12102104
What is -1047220 (base 8) in base 5?
-33013011
13613306 (base 7) to base 12
51932b
-36166533 (base 8) to base 6
-441510111
What is -128a20 (base 11) in base 9?
-337341
5121630 (base 8) to base 11
844257
1984a2 (base 12) to base 7
3552614
What is -6430522 (base 10) in base 7?
-105441610
Convert -203123003 (base 4) to base 15.
-2cecb
What is -f5936 (base 16) in base 4?
-3311210312
274282 (base 12) to base 2
10011110101110000010
Convert -26596 (base 12) to base 15.
-10919
What is 56b20 (base 15) in base 14?
7277a
What is b4478 (base 15) in base 3?
1002000210112
Convert 6082ea (base 15) to base 9.
8555854
What is -da576 (base 15) in base 14?
-14083d
What is -18cb02 (base 16) in base 14?
-3041d8
1106751 (base 8) to base 10
298473
Convert 11580624 (base 9) to base 16.
5667bb
311112304 (base 5) to base 9
2344632
Convert -1805cb6 (base 13) to base 2.
-11101110010110100001011
What is -16461105 (base 8) in base 2?
-1110100110001001000101
What is -116a4 (base 11) in base 7?
-100005
-9a1047 (base 13) to base 12
-12704a7
-a57110 (base 14) to base 3
-101111222200100
What is -26d499 (base 16) in base 14?
-4a358d
What is -3236330 (base 11) in base 7?
-66233161
What is -526 (base 9) in base 8?
-655
What is -30050316 (base 7) in base 4?
-21132021222
Convert 24141b8 (base 12) to base 4.
122223310130
18c07a (base 14) to base 9
1577574
What is 19cb766 (base 14) in base 7?
214221156
Convert -93c2a (base 13) to base 12.
-109920
-6366074 (base 8) to base 5
-413331001
Convert 2110102200220 (base 3) to base 13.
36a242
Convert 1086450 (base 10) to base 13.
2c0691
What is 32333132 (base 4) in base 15?
132db
What is 1966a35 (base 11) in base 9?
6216517
Convert 2790100 (base 10) to base 14.
528b2c
Convert -1011011121 (base 4) to base 3.
-112101011100
-1100122202000 (base 3) to base 8
-2601161
What is -d5d4 (base 15) in base 11?
-30a60
What is -1005323 (base 7) in base 11?
-81892
What is -3101211220 (base 5) in base 2?
-1011111101101101